{"id":32,"date":"2020-12-20T13:47:53","date_gmt":"2020-12-20T13:47:53","guid":{"rendered":"http:\/\/vsd-asv.ch\/wordpress\/?page_id=32"},"modified":"2026-03-15T20:53:29","modified_gmt":"2026-03-15T20:53:29","slug":"bilder","status":"publish","type":"page","link":"https:\/\/vsd-asv.ch\/index.php\/bilder\/","title":{"rendered":""},"content":{"rendered":"\n<h2 class=\"wp-block-heading\">SCHIFFIG<\/h2>\n\n\n\n<p><a href=\"https:\/\/vsd-asv.ch\/Schiffig\/Schiffig_02_2024_web.pdf\" data-type=\"page\" data-id=\"32\">Ausgabe 02_2024 <\/a>als Leseprobe<\/p>\n\n\n\n<p><\/p>\n\n\n\n<h2 class=\"wp-block-heading\">Bilder<\/h2>\n\n\n\n<p><a href=\"https:\/\/vsd-asv.ch\/index.php\/gallery\/2008_murten\/\" data-type=\"URL\" data-id=\"https:\/\/vsd-asv.ch\/index.php\/gallery\/2008_murten\/\">2008-Murten<\/a><br><a href=\"https:\/\/vsd-asv.ch\/index.php\/gallery\/2009_uster\/\" data-type=\"URL\" data-id=\"https:\/\/vsd-asv.ch\/index.php\/gallery\/2009_uster\/\">2009-Uster<\/a><br><a href=\"https:\/\/vsd-asv.ch\/index.php\/gallery\/2009_goldau\/\" data-type=\"URL\" data-id=\"https:\/\/vsd-asv.ch\/index.php\/gallery\/2009_goldau\/\">2009-Goldau<\/a><br><a href=\"https:\/\/vsd-asv.ch\/index.php\/gallery\/2010_lacdevouglans\/\" data-type=\"URL\" data-id=\"https:\/\/vsd-asv.ch\/index.php\/gallery\/2010_lacdevouglans\/\">2010-Lac de Vouglans<\/a><br><a href=\"https:\/\/vsd-asv.ch\/index.php\/gallery\/2010_morcote\/\/\" data-type=\"URL\" data-id=\"https:\/\/vsd-asv.ch\/index.php\/gallery\/2010_morcote\/\/\">2010-Morcote<\/a><br><a href=\"https:\/\/vsd-asv.ch\/index.php\/gallery\/2010_schluchsee\/\/\" data-type=\"URL\" data-id=\"https:\/\/vsd-asv.ch\/index.php\/gallery\/2010_schluchsee\/\/\">2010-Schluchsee<\/a><br><a href=\"https:\/\/vsd-asv.ch\/index.php\/gallery\/2010_bueren_gv\/\" data-type=\"URL\" data-id=\"https:\/\/vsd-asv.ch\/index.php\/gallery\/2010_bueren_gv\/\">2011-Bueren GV<\/a><br><a href=\"https:\/\/vsd-asv.ch\/index.php\/gallery\/2011_guettingen\/\" data-type=\"URL\" data-id=\"https:\/\/vsd-asv.ch\/index.php\/gallery\/2011_guettingen\/\">2011-G\u00fcttingen<\/a><br><a href=\"https:\/\/vsd-asv.ch\/index.php\/gallery\/2011_martinifahrt\/\" data-type=\"URL\" data-id=\"https:\/\/vsd-asv.ch\/index.php\/gallery\/2011_martinifahrt\/\">2011-Martinifahrt<\/a><br><a href=\"https:\/\/vsd-asv.ch\/index.php\/gallery\/2011_Waertsilae\" data-type=\"URL\" data-id=\"https:\/\/vsd-asv.ch\/index.php\/gallery\/2011_Waertsilae\">2011-W\u00e4rtsil\u00e4<\/a><br><a href=\"https:\/\/vsd-asv.ch\/index.php\/gallery\/2011_Windermere\" data-type=\"URL\" data-id=\"https:\/\/vsd-asv.ch\/index.php\/gallery\/2011_Windermere\">2011-Windermere<\/a><br><a href=\"https:\/\/vsd-asv.ch\/index.php\/gallery\/2012_ArbonClassics\" data-type=\"URL\" data-id=\"https:\/\/vsd-asv.ch\/index.php\/gallery\/2012_ArbonClassics\">2012-Arbon Classics<\/a><br><a href=\"https:\/\/vsd-asv.ch\/index.php\/gallery\/2012_FBW\" data-type=\"URL\" data-id=\"https:\/\/vsd-asv.ch\/index.php\/gallery\/2012_FBW\">2012-FBW<\/a><br><a href=\"https:\/\/vsd-asv.ch\/index.php\/gallery\/2012_Hallwilersee_Taufe_DB_Steamy\" data-type=\"URL\" data-id=\"https:\/\/vsd-asv.ch\/index.php\/gallery\/2012_Hallwilersee_Taufe_DB_Steamy\">2012-Hallwilersee Taufe DB Steamy<\/a><br><a href=\"https:\/\/vsd-asv.ch\/index.php\/gallery\/2012_Murten\" data-type=\"URL\" data-id=\"https:\/\/vsd-asv.ch\/index.php\/gallery\/2012_Murten\">2012-Murten<\/a><br><a href=\"https:\/\/vsd-asv.ch\/index.php\/gallery\/2012_Shiptec\" data-type=\"URL\" data-id=\"https:\/\/vsd-asv.ch\/index.php\/gallery\/2012_Shiptec\">2012-Shiptec<\/a><br><a href=\"https:\/\/vsd-asv.ch\/index.php\/gallery\/2013_Brugg\" data-type=\"URL\" data-id=\"https:\/\/vsd-asv.ch\/index.php\/gallery\/2013_Brugg\">2013-Brugg<\/a><br><a href=\"https:\/\/vsd-asv.ch\/index.php\/gallery\/2013_Stansstad\" data-type=\"URL\" data-id=\"https:\/\/vsd-asv.ch\/index.php\/gallery\/2013_Stansstad\">2013-Stansstad<\/a><br><a href=\"https:\/\/vsd-asv.ch\/index.php\/gallery\/2013_Zurichsee_GV\" data-type=\"URL\" data-id=\"https:\/\/vsd-asv.ch\/index.php\/gallery\/2013_Zurichsee_GV\">2013-Z\u00fcrichsee Generalversammlung<\/a><br><a href=\"https:\/\/vsd-asv.ch\/index.php\/gallery\/2014_Generalversammlung\" data-type=\"URL\">2014-Vaporama Generalversammlung<\/a><br><a href=\"https:\/\/vsd-asv.ch\/index.php\/gallery\/2014_Giessbach\" data-type=\"URL\" data-id=\"https:\/\/vsd-asv.ch\/index.php\/gallery\/2014_Giessbach\">2014-Giessbach<\/a><br><a href=\"https:\/\/vsd-asv.ch\/index.php\/gallery\/2014_Regensburg\" data-type=\"URL\" data-id=\"https:\/\/vsd-asv.ch\/index.php\/gallery\/2014_Regensburg\">2014-Regensburg<\/a><br><a href=\"https:\/\/vsd-asv.ch\/index.php\/gallery\/2014_Thunersee_Winterhoeck\" data-type=\"URL\" data-id=\"https:\/\/vsd-asv.ch\/index.php\/gallery\/2014_Thunersee_Winterhoeck\">2014-Thunersee Winterh\u00f6ck<\/a><br><a href=\"https:\/\/vsd-asv.ch\/index.php\/gallery\/2014_Walensee\" data-type=\"page\" data-id=\"32\">2014-Walensee<\/a><br><a href=\"https:\/\/vsd-asv.ch\/index.php\/gallery\/2015_liberty-belle-england\" data-type=\"URL\" data-id=\"https:\/\/vsd-asv.ch\/index.php\/gallery\/2015_liberty-belle-england\">2015-Liberty Belle in England<\/a><br><a href=\"https:\/\/vsd-asv.ch\/index.php\/gallery\/2016_Zuerichsee\" data-type=\"URL\" data-id=\"https:\/\/vsd-asv.ch\/index.php\/gallery\/2016_Zuerichsee\">2016-Z\u00fcrichsee<\/a><br><a href=\"https:\/\/vsd-asv.ch\/index.php\/gallery\/2017_Seelisberg\" data-type=\"URL\">2017-Seelisberg<\/a><br><a href=\"https:\/\/vsd-asv.ch\/index.php\/gallery\/2017_Thunersee\" data-type=\"URL\" data-id=\"https:\/\/vsd-asv.ch\/index.php\/gallery\/2017_Thunersee\">2017-Thunersee<\/a><br><a href=\"https:\/\/vsd-asv.ch\/index.php\/gallery\/2018_Basel_Rheinfahrt\" data-type=\"URL\" data-id=\"https:\/\/vsd-asv.ch\/index.php\/gallery\/2018_Basel_Rheinfahrt\">2018-Basel Rheinfahrt<\/a><br><a href=\"https:\/\/vsd-asv.ch\/index.php\/gallery\/2018_Brienz\" data-type=\"URL\" data-id=\"https:\/\/vsd-asv.ch\/index.php\/gallery\/2018_Brienz\">2018-Brienz<\/a><br><a href=\"https:\/\/vsd-asv.ch\/index.php\/gallery\/2018_Arbon-Classics\" data-type=\"URL\" data-id=\"https:\/\/vsd-asv.ch\/index.php\/gallery\/2018_Arbon-Classics\">2018-Arbon Classics<\/a><br><a href=\"https:\/\/vsd-asv.ch\/index.php\/gallery\/2019_GV_Ufenau\" data-type=\"URL\" data-id=\"https:\/\/vsd-asv.ch\/index.php\/gallery\/2019_GV_Ufenau\">2019-Ufenau Generalversammlung<\/a><br><a href=\"https:\/\/vsd-asv.ch\/index.php\/gallery\/2019_Sempachersee\" data-type=\"URL\" data-id=\"https:\/\/vsd-asv.ch\/index.php\/gallery\/2019_Sempachersee\">2019-Sempachersee<\/a><br><a href=\"https:\/\/vsd-asv.ch\/index.php\/gallery\/2019_Eglisau\" data-type=\"URL\" data-id=\"https:\/\/vsd-asv.ch\/index.php\/gallery\/2019_Eglisau\">2019-Br\u00fcckenfest Eglisau<\/a><br><a href=\"https:\/\/vsd-asv.ch\/index.php\/gallery\/2020_limmat\/\" data-type=\"URL\" data-id=\"https:\/\/vsd-asv.ch\/index.php\/gallery\/2020_limmat\/\">2020-Limmat<\/a><br><a href=\"https:\/\/vsd-asv.ch\/index.php\/gallery\/2021-solothurn\/\">2021-Solothurn<\/a><br><a href=\"https:\/\/vsd-asv.ch\/index.php\/gallery\/2024-furka-bergstrecke\/\" data-type=\"link\" data-id=\"https:\/\/vsd-asv.ch\/index.php\/gallery\/2024-furka-bergstrecke\/\">2024-Furka-Bergstrecke<\/a><br><br><\/p>\n","protected":false},"excerpt":{"rendered":"<p>SCHIFFIG Ausgabe 02_2024 als Leseprobe Bilder 2008-Murten2009-Uster2009-Goldau2010-Lac de Vouglans2010-Morcote2010-Schluchsee2011-Bueren GV2011-G\u00fcttingen2011-Martinifahrt2011-W\u00e4rtsil\u00e42011-Windermere2012-Arbon Classics2012-FBW2012-Hallwilersee Taufe DB Steamy2012-Murten2012-Shiptec2013-Brugg2013-Stansstad2013-Z\u00fcrichsee Generalversammlung2014-Vaporama Generalversammlung2014-Giessbach2014-Regensburg2014-Thunersee Winterh\u00f6ck2014-Walensee2015-Liberty Belle in England2016-Z\u00fcrichsee2017-Seelisberg2017-Thunersee2018-Basel Rheinfahrt2018-Brienz2018-Arbon Classics2019-Ufenau Generalversammlung2019-Sempachersee2019-Br\u00fcckenfest Eglisau2020-Limmat2021-Solothurn2024-Furka-Bergstrecke<\/p>\n","protected":false},"author":1,"featured_media":0,"parent":0,"menu_order":0,"comment_status":"closed","ping_status":"closed","template":"","meta":{"footnotes":""},"class_list":["post-32","page","type-page","status-publish"],"_links":{"self":[{"href":"https:\/\/vsd-asv.ch\/index.php\/wp-json\/wp\/v2\/pages\/32","targetHints":{"allow":["GET"]}}],"collection":[{"href":"https:\/\/vsd-asv.ch\/index.php\/wp-json\/wp\/v2\/pages"}],"about":[{"href":"https:\/\/vsd-asv.ch\/index.php\/wp-json\/wp\/v2\/types\/page"}],"author":[{"embeddable":true,"href":"https:\/\/vsd-asv.ch\/index.php\/wp-json\/wp\/v2\/users\/1"}],"replies":[{"embeddable":true,"href":"https:\/\/vsd-asv.ch\/index.php\/wp-json\/wp\/v2\/comments?post=32"}],"version-history":[{"count":20,"href":"https:\/\/vsd-asv.ch\/index.php\/wp-json\/wp\/v2\/pages\/32\/revisions"}],"predecessor-version":[{"id":2331,"href":"https:\/\/vsd-asv.ch\/index.php\/wp-json\/wp\/v2\/pages\/32\/revisions\/2331"}],"wp:attachment":[{"href":"https:\/\/vsd-asv.ch\/index.php\/wp-json\/wp\/v2\/media?parent=32"}],"curies":[{"name":"wp","href":"https:\/\/api.w.org\/{rel}","templated":true}]}}